e i + p + 315 = 0. Let u = 959 - i. Is u a composite number?
False
Let i be -270*1/(-1) - -1. Suppose -1258 = -3*y - i. Is y composite?
True
Suppose -4*p + 12172 = -2*d, -5*p + d - 4*d = -15215. Is p a prime number?
False
Let p = 2329 + -510. Is p a composite number?
True
Let o be (3/2)/(3/4). Let g(b) = -1 - 2*b + 26*b**2 + 23*b**o - 4*b**2 - 7*b**2. Is g(-1) prime?
False
Let n(o) = 3*o + 9. Let v be n(4). Is 86/8 + v/(-28) composite?
True
Let z(n) = 382*n**2 - 2*n + 1. Suppose 17*k = 18*k - 1. Is z(k) a composite number?
True
Suppose -63565 = -5*d - 0*b - 3*b, 0 = 2*d + 4*b - 25426. Is d a prime number?
True
Let k = 125 + -122. Suppose -5*x + 20380 = k*b, 4*b = 7*b - 15. Is x a composite number?
False
Suppose -5*j + 9500 = -4*k, 2*j - k = 4014 - 217. Let s be ((-12)/(-8))/(9/j). Suppose s = 5*v - 1009. Is v a composite number?
True
Let p(f) = -f + 17. Let o be p(15). Suppose 0 = x + o*w - 2047, -6*w + 4093 = 2*x - 3*w. Is x a prime number?
False
Suppose -z = -2*b + 6*b - 138936, -3*z = -5*b + 173653. Is b a prime number?
False
Let u(x) = x**2 + 8*x + 3. Let b be u(-9). Suppose 0 = 3*a + 12, -g - a + b = -4*a. Suppose g = -4*d - q + 761, -3*d + 5*q = -0*d - 588. Is d a prime number?
True
Suppose 0*j = -29*j + 1114847. Is j prime?
False
Let b(y) = y**2 - y - 3. Let m be b(-2). Suppose -4*j = -m*p + 4*p - 1198, -5*p + 309 = j. Is j a prime number?
False
Let i(d) be the third derivative of d**5/60 - d**4/4 + d**3/3 + 9*d**2. Let s be i(8). Is 164 + s - 3/(-1) a composite number?
True
Let j(x) = -x + 14. Let u be j(11). Suppose -3*c = -5*a + 8, u*a - 15 - 5 = -2*c. Suppose -71 = -q - 2*g, c*q + 4*g = -q + 349. Is q prime?
False
Suppose -3*f = -5*k + f + 15, 3*f = -4*k + 12. Let z = -167 + 352. Suppose i + 2*n - z = 0, 3*i - 559 = n - k*n. Is i a composite number?
True
Suppose -6 = 3*b, -q = 7*b - 2*b - 2929. Is q a composite number?
False
Let p(j) = -148*j - 1. Let l(h) = -21 - h + 18 + 3*h. Let z be l(-1). Is p(z) a composite number?
False
Let q be 2 - 1 - (-8 - -1). Let w(g) = 19*g**2 - 13*g + 10. Let n be w(q). Suppose 129 + n = 3*x. Is x composite?
True
Suppose -2*x + 37 = 25. Let f(p) = -p**3 + 9*p**2 - 8*p + 5. Is f(x) a composite number?
True
Let i(w) = -w**3 - w. Let z be i(-1). Suppose -z*l - 75 = 37. Let s = 11 - l. Is s composite?
False
Suppose 5*j + 2825 = -0*j. Let v = -330 - j. Suppose -f + v = 4*f. Is f a prime number?
True
Let j = 4607 - 1642. Suppose 3820 = 5*f - j. Is f a prime number?
False
Suppose -3*h + 30 = -39. Suppose h*y - 18*y - 9465 = 0. Is y composite?
True
Let x = -68 - -71. Suppose 297 - 2364 = -x*d. Is d prime?
False
Suppose -2*r + 2*m + 9 = r, 3*r + 5*m - 9 = 0. Suppose -2*z = 3*v - 973, r*z = -2*v - 2*v + 1299. Is v composite?
True
Let o = 58 + -216. Let h = o + 356. Suppose 554 = 4*x + h. Is x a prime number?
True
Suppose -3*w + 0 = -3*m + 3, 2 = -2*m + 4*w. Suppose m*k = k + 254. Is k composite?
False
Let n(v) = -7 + v**3 + 2*v**2 - 6*v + 2*v**2 + v - 5*v**2. Let d be n(-5). Let j = -79 - d. Is j prime?
True
Suppose 831 - 13 = 2*a. Suppose 4*z = 5*z - a. Is z a prime number?
True
Suppose -316*g + 306548 = -294*g. Is g composite?
True
Let k be (-424)/(-12) + (-6)/(-9). Suppose -k + 13 = -o. Is o composite?
False
Let o = 2764 + 4041. Is o prime?
False
Let o = 6 + -3. Let i be (-1)/3 + (-44)/o. Let b(k) = -26*k - 13. Is b(i) prime?
False
Is ((-9)/(-18))/((-3)/(-10686)) composite?
True
Let c(u) = 864*u - 145. Is c(8) a composite number?
True
Let p(s) = -864*s + 23. Let o be p(-8). Let a = -3940 + o. Is a composite?
True
Let q = 110 + 168. Suppose -2*b = c + q, 588 = -2*c + 3*b + b. Let u = 477 + c. Is u composite?
False
Let h(j) = 6*j**3 + 8*j**2 + 14*j - 17. Let p(k) = -k**3 - 12*k**2 + 7. Let i be p(-12). Is h(i) a prime number?
True
Let h(z) be the first derivative of 0*z + 1/3*z**3 + 3*z**2 - 2. Is h(-7) a prime number?
True
Let l be ((-8953)/(-7))/(-1) - -6. Suppose 3*o - 5*u + u + 2580 = 0, -u = 4*o + 3459. Let k = o - l. Is k composite?
False
Suppose 99*r + 185 = 104*r. Is r a prime number?
True
Suppose 16 = 5*c - 9. Suppose -5*q = -0*a + a - 34491, 0 = -q - c*a + 6879. Is q composite?
False
Suppose 2*t - 3*l + 14 = -0*t, t = 4*l - 17. Let s = 4 - t. Suppose 4*a + 245 = 3*n + 1906, -3*a = -s*n - 1232. Is a prime?
True
Let s(c) be the second derivative of -c**5/20 + c**4/2 + 3*c**3/2 - c**2/2 - c. Let a be s(7). Suppose a = 3*k - 8. Is k a prime number?
True
Let l(y) = 3 + 0 + 3*y**2 - 4*y**2. Let m be l(-3). Is 1179/(-6)*8/m a composite number?
True
Let z be -2 - 1/((-2)/(-3 - -109)). Let d = z + 106. Is d prime?
True
Suppose -16*s - 7 = -17*s. Suppose -540 = -s*d + 12*d. Let p = 239 + d. Is p prime?
True
Let x = -1444 + 2157. Is x a composite number?
True
Suppose 53*w - 55*w - 4*k + 149706 = 0, 0 = -w - 5*k + 74865. Is w a prime number?
False
Let v(d) = -5*d - 46. Let t(q) = -6*q - 46. Let b(r) = 6*t(r) - 7*v(r). Let m be b(0). Suppose x = 3*c + m, 0 = 4*x - 6*x - c + 99. Is x composite?
True
Let i(c) = -2*c - 9. Let r be i(-10). Let d(o) = 5*o**2 + 23*o + 5. Let u(s) = s**2 - 1. Let k(l) = d(l) - 6*u(l). Is k(r) a composite number?
True
Suppose 5*w - 2*c = c, 4*w = 5*c - 13. Suppose 0*b + 4 = -h + 3*b, -w*b = -5*h + 16. Suppose 3*t = n + h, -n = -4*n - 5*t + 55. Is n prime?
False
Suppose 0 = d + 6. Let x(j) = j**3 + 8*j**2 + 8*j + 1. Let u be x(d). Let q = -2 + u. Is q a composite number?
False
Suppose -34330 = s - 11*s. Is s composite?
False
Let j be (-21 + 22)/((-1)/2). Is j/(-4) - ((-14578)/4 + 2) composite?
False
Let f(u) = -353*u + 37. Is f(-6) a prime number?
False
Suppose -84*w = -82*w - 6. Suppose 0 = -5*x + w*d + 2242, 8*x - 2241 = 3*x + 4*d. Is x prime?
True
Suppose 2*c - 15 = -3*c. Suppose 2*x - c*q = 4*x - 294, 3*q - 441 = -3*x. Suppose -x = -2*i - i. Is i a composite number?
True
Suppose 0 = -4*p - 2*p + 1068. Suppose 4*b - 534 + p = 0. Is b prime?
True
Suppose -2 = 6*f + 82. Let q = 569 + -170. Is q/f*4/(-6) a composite number?
False
Suppose c - 369 = -137. Suppose 2*s = c - 1386. Let d = s + 896. Is d prime?
False
Let g be (-143)/121 - (-4)/22. Let j(o) = -6*o - 1. Let w be j(g). Suppose 2*a - 87 = -w*h, -4*h + 3*a + 55 = -33. Is h composite?
False
Let k be -592 + (2 - 0) + -4. Let b = k - -941. Is b composite?
False
Is (-404060)/(-80) - 2/(-8) a composite number?
False
Is (-9 - -14)*16990 + -3 a composite number?
False
Let t be 8/(2/(-1) - 21/(-7)). Is (2 - 1)*-3 - (-262 + t) prime?
True
Let t = -218 + 877. Suppose -2857 - t = 3*i. Let z = -631 - i. Is z a prime number?
True
Let y(z) = z**3 - 8*z**2 + 13*z - 10. Let a be y(8). Let j = -34 + a. Is (-1)/5 - (-25152)/j composite?
False
Is (153 + -152)/(1/8797) a prime number?
False
Let f(m) = -9*m + 5. Let u(k) = -4*k + 3. Let a(d) = 3*f(d) - 7*u(d). Let g be a(6). Suppose 4*r = 4*v - 260, 2*r + 264 = 4*v - g*r. Is v composite?
False
Suppose -20*i + 5*f = -16*i - 847453, f + 1059332 = 5*i. Is i composite?
False
Let v be -1*2 + 11 + -8. Let f(g) = 600*g. Let k be f(v). Let z = k - 181. Is z composite?
False
Let s = 23 + -3. Let j(b) = -s*b + 12 - 30 + 9. Is j(-4) a prime number?
True
Suppose -9*q - 10*q + 95 = 0. Suppose q*m = -196 + 4521. Is m a prime number?
False
Let i(a) be the third derivative of -a**4/12 - 10*a**3/3 - 9*a**2. Let m be i(-10). Suppose m*z - z + 13 = 0. Is z composite?
False
Suppose 13 = 3*j + 4. Suppose -5*z = -4*d + 2 + 18, 0 = -5*z + j*d - 25. Is (6/(-4))/(4/z) a prime number?
True
Let z(w) = 58*w - 177. Is z(30) prime?
False
Suppose -3*n + 5*n - m = 5223, 0 = n + 5*m - 2584. Is n prime?
True
Is ((-32206)/(-4))/(74/148) a composite number?
False
Let g(c) = -c**2 - 8*c - 23. Let w be g(-9). Is 32802/112 - -2*(-2)/w prime?
True
Let g = -66 - -61. Let u(d) = -70*d - 13. Is u(g) a composite number?
False
Let b(s) = s**2 - 15*s - 16. Let j be b(16). Let w(q) = -q**3 + q**2 + q + 298. Is w(j) prime?
False
Let a = -4 + 6. Suppose a*v + v = 4155. Is v composite?
True
Let k(c) = 25*c**2 - 21*c + 439. Is k(22) composite?
True
Suppose 5*c - 674 = 131. Is c a composite number?
True
Let n be 0 + -1 + 722 - 3. Let o = n + -144. Suppose 3*m - m = o. Is m a prime number?
False
Suppose 140*x - 56995 = 139*x. Is x a prime number?
False
Let b = 3981 + -720. Is b composite?
True
Let b be -1 + 2 + 1172 + -1. Let j = b + -231. Is j a prim